ds digit of s(d)?
1
Suppose 0 = 26*i - 79 + 365. What is the units digit of i/(495/(-10)) - 601/(-9)?
7
Let i(l) = -4638*l - 8996. What is the units digit of i(-6)?
2
Let g(d) be the first derivative of -d**2/2 + 2*d - 9. Let x be g(0). Suppose -x*k = -0*k + 3*v - 16, -8 = 4*v. What is the units digit of k?
1
Let p be 3 + 0 + 3 + 6/2. Suppose -3*i = -p + 12. Let h(x) = -62*x**3 + 2*x**2 + 2*x + 1. What is the tens digit of h(i)?
6
Let q(m) = 8*m**2 - 126*m + 2. Let y be q(20). Let s = 1702 - y. What is the units digit of s?
0
Let s be 4/(-38) - (-440)/(-152). What is the tens digit of (11 - 23)*206/s?
2
Suppose 139*b - 144*b = -5*k + 218015, 43615 = k + 3*b. What is the hundreds digit of k?
6
Let j = 13201 - 8649. What is the thousands digit of j?
4
Suppose 1924*v + 776027 = 1983*v. What is the ten thousands digit of v?
1
Let k = -35927 - -101863. What is the units digit of k?
6
Suppose -55078 = -4*q - 2898. What is the ten thousands digit of q?
1
Suppose -44*z = -s - 43*z + 1245, -5*s - 4*z + 6279 = 0. What is the hundreds digit of s?
2
Let m(o) = -2*o**2 + 4*o + 65. Let l(q) = 3*q**2 - 6*q - 98. Let d(g) = -5*l(g) - 7*m(g). Let k be d(0). Suppose k = 5*t - 180. What is the units digit of t?
3
Let h = -8058 - -14902. What is the tens digit of h?
4
What is the hundreds digit of (1690/20 - 2)*7602/35?
9
Let h(u) = 3*u**2 + 26*u - 13. Let m be h(-9). Let n(b) = 2*b + 10. Let f be n(m). Suppose -f*r = -6*r + 188. What is the tens digit of r?
4
Suppose -11*j + 295 - 42 = 0. Suppose j = x - 480. What is the units digit of x?
3
Let w(v) = -v - 2. Let n be w(-5). Let d(x) = 20*x**2 + 2*x - 4. Let i be d(n). Let p = -77 + i. What is the tens digit of p?
0
Suppose -10*k - 18 = -2*f - 5*k, 0 = 5*f - 4*k - 11. Let g be ((-9)/((-72)/704))/(f/(-3)). Suppose -7*n = -8*n + g. What is the units digit of n?
4
Let b(t) = -48*t - 7. Let f(w) = 2*w + 15. Let s be f(-14). Let y(c) = c**3 + 14*c**2 + 13*c - 2. Let z be y(s). What is the units digit of b(z)?
9
Let y be 6*3/81 + 42880/(-18). Let k = -833 - y. What is the tens digit of k?
4
Let h(j) = -13*j - 57. Let k be h(-6). Suppose 22263 = k*u + 1851. What is the hundreds digit of u?
9
Suppose 54*k = k + 624605. What is the units digit of k?
5
Let a be ((-1)/((-1)/12))/(2/3). Let u(v) = v**3 - 18*v**2 - 5*v - 18. Let h be u(a). Let w = -20 - h. What is the tens digit of w?
8
Let m = -54271 + 90950. What is the tens digit of m?
7
Suppose -10*v - 2716176 = -58*v. What is the hundreds digit of v?
5
Let p be ((-1)/1 - 1)*(-15925)/50. Let b = -218 + p. What is the hundreds digit of b?
4
Let c be 1928/(-5) + 15/25. Let s be c/(-75) + 6/(-45). Suppose -4*d + 9 = a, 3*d - 2 = -4*a - s. What is the units digit of d?
3
Let a be 98/(-12 + 5)*-1. Let w(d) = 3*d**2 - 3*d - 80. What is the hundreds digit of w(a)?
4
Let g(l) = -l**3 - 8*l**2 - 7*l + 3. Let x be g(-6). Let i = -25 - x. Suppose -i*b + 6*b = 240. What is the units digit of b?
0
What is the hundreds digit of 0 + 1 - (2 - (5 - -5894 - -8))?
9
Suppose 219336 = 467*t - 455*t. What is the tens digit of t?
7
What is the ten thousands digit of -6 + (-264)/(-22) - -1998*(-38)/(-4)?
1
Suppose 0 = -865*f + 838*f + 200178. What is the hundreds digit of f?
4
Let y(o) = 6*o**2 - 52*o - 890. What is the tens digit of y(-19)?
6
Suppose 4*h + 452 = x - 161, 5*h - 3*x = -768. Let k = 271 + h. What is the tens digit of k?
1
What is the tens digit of (6*(-6398)/(-196))/(1/21)?
1
Suppose 20*l - 20 = 20. Suppose 3*n + 1276 = l*i, 3*i = 4*n + n + 1913. What is the hundreds digit of i?
6
Suppose -380*n = -743*n + 15075390. What is the tens digit of n?
3
Let a(i) = -8*i**3 - 27*i**2 - 31*i - 268. What is the thousands digit of a(-11)?
7
What is the tens digit of ((-9)/(-12)*14)/(16/224)?
4
Let v(q) = q**2 + 20*q - 18. Let n be v(-18). Let j = n - -57. Suppose -j*p = 84 - 231. What is the units digit of p?
9
Let i(l) = 672*l**2 + 102*l + 15. What is the thousands digit of i(9)?
5
What is the thousands digit of 85569/9 + 24/18?
9
What is the tens digit of 48*-1*16/72*-42?
4
Suppose 140352 = 3*n + 2*o, -181*n - 2*o - 140364 = -184*n. What is the hundreds digit of n?
7
Suppose -26*r + 0*r + 139270 + 66702 = 0. What is the units digit of r?
2
Let i = 83 - -69. Suppose -5*c = -i - 68. What is the units digit of c?
4
Suppose 3*w + 8 - 14 = 0. Suppose 0 = -4*p - 12, w*p - 2 = -2*f + 38. Suppose -f = -k + 57. What is the tens digit of k?
8
Let n(t) = 66*t**2 - 2*t + 1. Suppose -6 = 2*r - 3*m, -3*r + m + 12 = -7*r. Let f = 4 + r. What is the tens digit of n(f)?
6
Suppose 63*p - 71*p + 13440 = 0. Suppose 4185 = 4*w + 5*j, 0 = 5*w - 3*j - 6865 + p. What is the hundreds digit of w?
0
Let w = 1849 - 187. Suppose -4*a = -16, w = 2*v - a - 4*a. What is the tens digit of v?
4
Suppose m + 4*g - 1 + 17 = 0, 0 = -g - 5. Suppose m*d + 0*d = 2*l - 116, -d - 113 = -2*l. Let z = 107 - l. What is the units digit of z?
1
Let m be ((-8)/(-4))/1 - -716. Let g = m + -491. Suppose g = 3*x - 256. What is the units digit of x?
1
Suppose 0 = -8*z - 0 + 24. Let w be (-12)/(-5*(-3)/z)*-5. Suppose 0 = w*j - 13*j + 95. What is the units digit of j?
5
Let n(x) = -2*x**2 - 19*x + 34. Let z(q) = -q**2 - 19*q + 35. Let r(a) = -2*n(a) + 3*z(a). Let s be r(17). Suppose 24 - 63 = -s*p. What is the units digit of p?
3
Suppose -q = -2*q + 12. Let b(j) = q + 3*j + 2*j + 3 - 16. What is the tens digit of b(11)?
5
Let m(j) = -j**3 + 52*j**2 - j + 5108. What is the hundreds digit of m(0)?
1
What is the tens digit of 39090/9 + 5 + 6/9?
4
Let v(y) = -163*y + 2468. What is the tens digit of v(-30)?
5
What is the ten thousands digit of 42387*1 - (-225 - -219)?
4
What is the tens digit of (-12 + (31 - 16))*(12670/6 + 1)?
3
Let i = 12938 + 4679. What is the tens digit of i?
1
Let p(r) = -2*r - 2. Let i be p(2). What is the units digit of (6/4)/(i/(-12))?
3
Let q = 238 + -228. Suppose -7155 = -q*f + 1935. What is the hundreds digit of f?
9
Let u be 2 + 3/(-1) + (-5)/(-5). Suppose 0*p - p + 9 = -5*v, u = -p + 4*v + 13. Let y = p + 132. What is the units digit of y?
1
Let d(y) = 14765*y**3 - 2*y**2 - 45*y + 46. What is the units digit of d(1)?
4
Suppose 0 = -3*k + 41974 + 1766 + 19248. What is the ten thousands digit of k?
2
What is the units digit of (2/(-3))/(20/(-596910))?
7
Let d = 24070 - 13638. What is the ten thousands digit of d?
1
Let t be ((-1)/(36/40 + -1))/2. Let m be 1 - ((t - 4) + -2). Suppose 3*j = m*j, 4 = w - 3*j. What is the units digit of w?
4
Let r = -15 + 15. Suppose 14*t - 13*t - 415 = r. Suppose 5*p = t - 90. What is the tens digit of p?
6
Suppose 281 = 5*n + 276, 3*n = -u + 5172. What is the tens digit of u?
6
What is the hundreds digit of ((-1634)/6)/((-4)/36)?
4
Let n(m) = -19*m**3 - 17*m**2 + 9*m + 43. What is the tens digit of n(-4)?
5
Suppose 5*d - 69 = 5*a + 21, -5*d - 2*a + 55 = 0. Suppose -d*y = 14*y - 11745. What is the units digit of y?
5
Let m = -180 - -192. What is the tens digit of 2/m*-4*(-273)/7?
2
Let v be 7914/8 - (-6)/96*-4. Suppose 3*y = -3*k + 7*y + 2967, -k - 3*y = -v. What is the tens digit of k?
8
Let r(l) = 196*l**2 - 52*l - 5. Let x(i) = 2*i**2 - 54*i - 53. Let k be x(28). What is the thousands digit of r(k)?
1
Suppose -a + 3*a - 5*x - 6085 = 0, 2*a - 6080 = 4*x. What is the tens digit of a?
3
Let v = 19017 + -11961. Suppose -2*d + 9*u - 7*u + 3534 = 0, 4*d - u = v. What is the tens digit of d?
6
Let r = -5845 + 15881. What is the units digit of r?
6
Let t = 17661 - 9215. What is the hundreds digit of t?
4
Let r = 7995 + -5145. Suppose r = 7*y + 12*y. What is the units digit of y?
0
Let i be 1592/14 + (-2)/(-7). Let w = 119 - i. Suppose -2*c + w*m + 30 = -59, -5*m = 5. What is the units digit of c?
2
Let m(o) = 31*o - 98. Let r be m(10). Let k = 628 - r. What is the units digit of k?
6
Suppose 14 = 2*c + 8. What is the units digit of ((6 - 4) + 7)*(c - 0)?
7
Suppose 50*x + 340994 = -72*x + 1481816. What is the tens digit of x?
5
Let r be (170/(-15) - -5)*6. Let y be (1/2)/(19/r). Let w(h) = -163*h - 8. What is the units digit of w(y)?
5
Let q = -89311 - -147624. What is the thousands digit of q?
8
What is the hundreds digit of 22997/104 - (-18)/(-16)?
2
Let n be (-10)/4*80/(-50). Suppose 4*v = -4*h + 208, 0 = n*h - 10 - 6. Suppose l + v - 233 = 0. What is the units digit of l?
5
Let j = 4799 